culate the remainder when 46757 is divided by 15562.
71
What is the remainder when 127174 is divided by 63585?
4
Calculate the remainder when 12213 is divided by 31.
30
What is the remainder when 4599 is divided by 753?
81
Calculate the remainder when 85445 is divided by 2756.
9
What is the remainder when 9092 is divided by 1789?
147
Calculate the remainder when 33823 is divided by 451.
449
Calculate the remainder when 123708 is divided by 581.
536
What is the remainder when 11846 is divided by 133?
9
Calculate the remainder when 89704 is divided by 41.
37
What is the remainder when 583 is divided by 39?
37
What is the remainder when 20242 is divided by 6738?
28
Calculate the remainder when 33045 is divided by 11013.
6
What is the remainder when 42155 is divided by 104?
35
Calculate the remainder when 4563 is divided by 1478.
129
Calculate the remainder when 1262733 is divided by 144.
141
What is the remainder when 37075 is divided by 2058?
31
What is the remainder when 7840 is divided by 2595?
55
Calculate the remainder when 7439 is divided by 74.
39
What is the remainder when 100618 is divided by 33519?
61
What is the remainder when 1146 is divided by 34?
24
What is the remainder when 7553 is divided by 1230?
173
What is the remainder when 19380 is divided by 19160?
220
What is the remainder when 15145 is divided by 401?
308
What is the remainder when 96835 is divided by 191?
189
Calculate the remainder when 932286 is divided by 10.
6
What is the remainder when 7299 is divided by 162?
9
Calculate the remainder when 4969 is divided by 1637.
58
Calculate the remainder when 9056 is divided by 92.
40
Calculate the remainder when 2547 is divided by 1197.
153
What is the remainder when 556 is divided by 49?
17
What is the remainder when 107421 is divided by 6?
3
Calculate the remainder when 22425 is divided by 477.
6
Calculate the remainder when 33208 is divided by 220.
208
What is the remainder when 364 is divided by 119?
7
What is the remainder when 936 is divided by 304?
24
What is the remainder when 701 is divided by 124?
81
Calculate the remainder when 31846 is divided by 175.
171
What is the remainder when 29329 is divided by 14?
13
What is the remainder when 26413 is divided by 578?
403
What is the remainder when 13366 is divided by 462?
430
Calculate the remainder when 572 is divided by 118.
100
What is the remainder when 47738 is divided by 68?
2
What is the remainder when 95628 is divided by 198?
192
What is the remainder when 2383 is divided by 29?
5
What is the remainder when 11120 is divided by 5557?
6
Calculate the remainder when 2815 is divided by 231.
43
Calculate the remainder when 48972 is divided by 211.
20
Calculate the remainder when 402291 is divided by 134096.
3
What is the remainder when 19904 is divided by 605?
544
Calculate the remainder when 79199 is divided by 32.
31
Calculate the remainder when 9358 is divided by 1863.
43
What is the remainder when 887 is divided by 442?
3
What is the remainder when 12955 is divided by 522?
427
Calculate the remainder when 58198 is divided by 4152.
70
What is the remainder when 358617 is divided by 20?
17
Calculate the remainder when 1234 is divided by 118.
54
Calculate the remainder when 1690701 is divided by 26.
25
Calculate the remainder when 25851 is divided by 12886.
79
What is the remainder when 2278 is divided by 9?
1
What is the remainder when 111447 is divided by 44?
39
What is the remainder when 22052 is divided by 1102?
12
Calculate the remainder when 486 is divided by 147.
45
Calculate the remainder when 10435 is divided by 209.
194
What is the remainder when 13438 is divided by 168?
166
Calculate the remainder when 13870 is divided by 60.
10
What is the remainder when 931 is divided by 518?
413
Calculate the remainder when 24436 is divided by 63.
55
What is the remainder when 7836 is divided by 299?
62
What is the remainder when 160316 is divided by 120?
116
What is the remainder when 696918 is divided by 28?
26
What is the remainder when 20852 is divided by 5209?
16
Calculate the remainder when 325 is divided by 168.
157
What is the remainder when 119192 is divided by 33?
29
What is the remainder when 54372 is divided by 27175?
22
Calculate the remainder when 1638 is divided by 96.
6
Calculate the remainder when 60283 is divided by 13.
2
Calculate the remainder when 1097 is divided by 301.
194
Calculate the remainder when 1520907 is divided by 215.
212
What is the remainder when 122665 is divided by 374?
367
Calculate the remainder when 9144 is divided by 1248.
408
Calculate the remainder when 1655 is divided by 529.
68
What is the remainder when 26263 is divided by 26213?
50
Calculate the remainder when 11678 is divided by 92.
86
What is the remainder when 317829 is divided by 57?
54
Calculate the remainder when 15555 is divided by 2216.
43
What is the remainder when 35899 is divided by 8955?
79
Calculate the remainder when 8904 is divided by 1832.
1576
Calculate the remainder when 29573 is divided by 206.
115
Calculate the remainder when 53611 is divided by 207.
205
What is the remainder when 517498 is divided by 1297?
1292
What is the remainder when 7972 is divided by 29?
26
What is the remainder when 453763 is divided by 68?
67
Calculate the remainder when 1156 is divided by 556.
44
What is the remainder when 9398568 is divided by 698?
696
What is the remainder when 92195 is divided by 683?
673
What is the remainder when 6995 is divided by 2315?
50
What is the remainder when 9760 is divided by 3249?
13
What is the remainder when 9890 is divided by 587?
498
Calculate the remainder when 116678 is divided by 3763.
25
What is the remainder when 1475 is divided by 25?
0
What is the remainder when 136787 is divided by 136772?
15
Calculate the remainder when 4795 is divided by 4760.
35
What is the remainder when 362005 is divided by 32909?
6
What is the remainder when 14787 is divided by 10?
7
Calculate the remainder when 752 is divided by 154.
136
Calculate the remainder when 19532 is divided by 111.
107
Calculate the remainder when 114 is divided by 21.
9
Calculate the remainder when 10832 is divided by 2159.
37
Calculate the remainder when 4218 is divided by 352.
346
Calculate the remainder when 166242 is divided by 187.
186
Calculate the remainder when 86758 is divided by 16.
6
Calculate the remainder when 2149 is divided by 78.
43
Calculate the remainder when 146193 is divided by 680.
673
Calculate the remainder when 58248 is divided by 520.
8
What is the remainder when 164 is divided by 15?
14
What is the remainder when 47467 is divided by 43?
38
Calculate the remainder when 9858 is divided by 119.
100
Calculate the remainder when 915198 is divided by 11.
9
What is the remainder when 2402 is divided by 338?
36
What is the remainder when 279459 is divided by 109?
92
What is the remainder when 293856 is divided by 574?
542
Calculate the remainder when 24514 is divided by 103.
0
Calculate the remainder when 51512 is divided by 11.
10
What is the remainder when 146774 is divided by 20965?
19
Calculate the remainder when 431 is divided by 140.
11
What is the remainder when 1532 is divided by 383?
0
Calculate the remainder when 164720 is divided by 2497.
2415
What is the remainder when 1185 is divided by 39?
15
What is the remainder when 239133 is divided by 376?
373
What is the remainder when 1900 is divided by 472?
12
What is the remainder when 4813 is divided by 20?
13
What is the remainder when 426578 is divided by 20?
18
What is the remainder when 821 is divided by 2?
1
What is the remainder when 81606 is divided by 742?
728
What is the remainder when 157526 is divided by 2351?
9
Calculate the remainder when 2201 is divided by 130.
121
What is the remainder when 373975 is divided by 2226?
7
Calculate the remainder when 55545 is divided by 750.
45
What is the remainder when 4367 is divided by 311?
13
Calculate the remainder when 1556 is divided by 98.
86
Calculate the remainder when 16012 is divided by 286.
282
Calculate the remainder when 2512 is divided by 32.
16
Calculate the remainder when 27719 is divided by 98.
83
What is the remainder when 697 is divided by 441?
256
What is the remainder when 2252737 is divided by 93?
91
What is the remainder when 16623 is di